{"id":204,"date":"2025-11-06T17:15:58","date_gmt":"2025-11-06T16:15:58","guid":{"rendered":"https:\/\/www.salesianisantachiarapalermo.it\/?page_id=204"},"modified":"2025-11-06T17:15:58","modified_gmt":"2025-11-06T16:15:58","slug":"informativa-privacy-utenti","status":"publish","type":"page","link":"https:\/\/www.salesianisantachiarapalermo.it\/index.php\/informativa-privacy-utenti\/","title":{"rendered":"Informativa Privacy utenti"},"content":{"rendered":"\n<h2 class=\"wp-block-heading\"><strong>Informativa per il TRATTAMENTO DATI PERSONALI ACCESSO AL SITO<\/strong><\/h2>\n\n\n\n<p>Ai sensi dell\u2019art. 13 del Regolamento UE n. 2016\/679 (Regolamento generale sulla protezione dei dati personali), si forniscono le seguenti informazioni.<\/p>\n\n\n\n<p>Titolare del trattamento<\/p>\n\n\n\n<p>Il Titolare del trattamento \u00e8 A.P.S. Santa Chiara con sede legale in Piazza Santa Chiara, 11 \u2013 90134 Palermo (PA).<\/p>\n\n\n\n<p>Responsabile della protezione dei dati personali&nbsp;<\/p>\n\n\n\n<p>Il Responsabile per la protezione dei dati personali (Data Protection Officer \u201cDPO\u201d) di A.P.S. Santa Chiara, il dott. Antonino Di Giovanni, \u00e8 raggiungibile al seguente indirizzo e-mail: <a href=\"mailto:dpo@sdbsicilia.org\">dpo@sdbsicilia.org<\/a><\/p>\n\n\n\n<p>Dato personale<\/p>\n\n\n\n<p>Secondo l\u2019art. 4 \u2013 n.1 &#8211; del Regolamento Ue n. 2016\/679, per dato personale si intende qualsiasi informazione riguardante una persona fisica identificata o identificabile (interessato).<\/p>\n\n\n\n<p>Finalit\u00e0 e base giuridica<\/p>\n\n\n\n<p>Il trattamento dei dati personali avverr\u00e0 sempre con il tuo consenso per espletare i servizi da te richiesti, per il conseguimento delle finalit\u00e0 ricomprese nel nostro statuto, e in relazione alle eventuali esigenze contrattuali e ai conseguenti adempimenti degli obblighi legali e fiscali. I dati saranno trattati per tutta la durata del rapporto e anche successivamente per ottemperare agli obblighi di legge e per finalit\u00e0 amministrative e commerciali.<\/p>\n\n\n\n<p>L\u2019adesione ai servizi prescelti potr\u00e0 essere revocata in qualsiasi momento autonomamente utilizzando la stessa modalit\u00e0 di adesione. La revoca non pregiudica la liceit\u00e0 dei trattamenti effettuati sulla base dell\u2019adesione espressa prima della revoca stessa.&nbsp;<\/p>\n\n\n\n<p>Tipologie dei dati trattati&nbsp;<\/p>\n\n\n\n<p>La gestione del servizio, tramite form di contatto, comporta il trattamento dei seguenti dati personali:<\/p>\n\n\n\n<ol class=\"wp-block-list\">\n<li>dati personali di identificazione: nome e cognome;<\/li>\n\n\n\n<li>dati personali di contatto: e-mail, recapito telefonico (facoltativo).<\/li>\n<\/ol>\n\n\n\n<p>Modalit\u00e0 di trattamento<\/p>\n\n\n\n<p>Il trattamento si svolge nel rispetto dei diritti e delle libert\u00e0 fondamentali ed \u00e8 improntato ai principi di correttezza, liceit\u00e0, trasparenza e di tutela della riservatezza assicurando la pertinenza e proporzionalit\u00e0 delle informazioni raccolte e utilizzate rispetto alla finalit\u00e0 descritta.<\/p>\n\n\n\n<p>Natura del trattamento<\/p>\n\n\n\n<p>Per chi si iscrive come nostro utente, e immette i suoi dati per essere inserito nella nostra mailing list, tratteremo solo i dati che sono necessari per lo svolgimento dei rapporti tra te e la nostra Azienda. Generalmente, con il nostro sito, non trattiamo alcun dato sensibile o giudiziario, ma nel caso ci\u00f2 si rendesse necessario lo faremo solo chiedendo prima il tuo consenso.<\/p>\n\n\n\n<p>Comunicazione e diffusione&nbsp;<\/p>\n\n\n\n<p>I dati personali non sono oggetto di diffusione o di comunicazione, salvo i casi in cui specifiche disposizioni di legge prevedano tale ultima operazione (es. autorit\u00e0 giudiziaria).<\/p>\n\n\n\n<p>Categorie di destinatari dei dati<\/p>\n\n\n\n<p>I trattamenti sono effettuati a cura delle persone autorizzate e impegnate alla riservatezza e preposte alle relative attivit\u00e0 in relazione alle finalit\u00e0 perseguite.<\/p>\n\n\n\n<p>Conservazione dei dati<\/p>\n\n\n\n<p>I dati saranno conservati per il tempo necessario al conseguimento delle finalit\u00e0 per le quali sono stati raccolti e comunque per un periodo massimo di 2 anni dall\u2019ultima interazione dell\u2019utente con A.P.S. Santa Chiara, oltre i quali i dati saranno eliminati.<\/p>\n\n\n\n<p>Trasferimento dati verso paese terzi&nbsp;<\/p>\n\n\n\n<p>I dati trattati per le gi\u00e0 menzionate finalit\u00e0 non sono trasferiti a Paesi terzi all\u2019esterno dell\u2019Unione Europea o dello Spazio Economico Europeo (SEE) o ad organizzazioni internazionali.<\/p>\n\n\n\n<p>Diritti degli interessati&nbsp;<\/p>\n\n\n\n<p>Gli interessati possono esercitare i diritti previsti dall\u2019art. 15 e seguenti del Regolamento UE 2016\/679 e in particolare il diritto di accedere ai propri dati personali, di chiederne la rettifica o la limitazione, l\u2019aggiornamento se incompleti o erronei e la cancellazione se sussistono i presupposti, nonch\u00e9 di opporsi all\u2019elaborazione rivolgendo la richiesta:<\/p>\n\n\n\n<p>&#8211; a: A.P.S. Santa Chiara, con sede legale in Piazza Santa Chiara, 11 \u2013 90134, Palermo (PA).<\/p>\n\n\n\n<p>E-mail: <a href=\"mailto:santa.chiara@yahoo.it\">santa.chiara@yahoo.it<\/a><\/p>\n\n\n\n<p>Pec: <a href=\"mailto:santa.chiara@arubapec.it\">santa.chiara@arubapec.it<\/a><\/p>\n\n\n\n<p>oppure<\/p>\n\n\n\n<p>&#8211; al Responsabile per la protezione dei dati personali (Data Protection Officer &#8211; \u201cDPO\u201d) all\u2019indirizzo e-mail: <a href=\"mailto:dpo@sdbsicilia.org\">dpo@sdbsicilia.org<\/a><\/p>\n\n\n\n<p>Diritto di reclamo<\/p>\n\n\n\n<p>Si informa infine che gli interessati, qualora ritengano che il trattamento dei dati personali a loro riferiti avvenga in violazione di quanto previsto dal Regolamento UE 2016\/679 (art. 77) hanno il diritto di proporre reclamo al <a href=\"http:\/\/www.garanteprivacy.it\/\">Garante<\/a>, o di adire le opportune sedi giudiziarie (art. 79 del Regolamento).<\/p>\n\n\n\n<p>Aggiornato il: 06\/11\/25<\/p>\n\n\n\n<p><\/p>\n","protected":false},"excerpt":{"rendered":"<p>Informativa per il TRATTAMENTO DATI PERSONALI ACCESSO AL SITO Ai sensi dell\u2019art. 13 del Regolamento UE n. 2016\/679 (Regolamento generale sulla protezione dei dati personali), si forniscono le seguenti informazioni. Titolare del trattamento Il Titolare del trattamento \u00e8 A.P.S. Santa Chiara con sede legale in Piazza Santa Chiara, 11 \u2013 90134 Palermo (PA). Responsabile della &hellip; <a href=\"https:\/\/www.salesianisantachiarapalermo.it\/index.php\/informativa-privacy-utenti\/\" class=\"more-link\">Continue reading<span class=\"screen-reader-text\"> &#8220;Informativa Privacy utenti&#8221;<\/span><\/a><\/p>\n","protected":false},"author":1,"featured_media":0,"parent":0,"menu_order":0,"comment_status":"closed","ping_status":"closed","template":"","meta":{"_mc_calendar":[],"footnotes":""},"class_list":["post-204","page","type-page","status-publish","hentry"],"jetpack_sharing_enabled":true,"_links":{"self":[{"href":"https:\/\/www.salesianisantachiarapalermo.it\/index.php\/wp-json\/wp\/v2\/pages\/204","targetHints":{"allow":["GET"]}}],"collection":[{"href":"https:\/\/www.salesianisantachiarapalermo.it\/index.php\/wp-json\/wp\/v2\/pages"}],"about":[{"href":"https:\/\/www.salesianisantachiarapalermo.it\/index.php\/wp-json\/wp\/v2\/types\/page"}],"author":[{"embeddable":true,"href":"https:\/\/www.salesianisantachiarapalermo.it\/index.php\/wp-json\/wp\/v2\/users\/1"}],"replies":[{"embeddable":true,"href":"https:\/\/www.salesianisantachiarapalermo.it\/index.php\/wp-json\/wp\/v2\/comments?post=204"}],"version-history":[{"count":1,"href":"https:\/\/www.salesianisantachiarapalermo.it\/index.php\/wp-json\/wp\/v2\/pages\/204\/revisions"}],"predecessor-version":[{"id":205,"href":"https:\/\/www.salesianisantachiarapalermo.it\/index.php\/wp-json\/wp\/v2\/pages\/204\/revisions\/205"}],"wp:attachment":[{"href":"https:\/\/www.salesianisantachiarapalermo.it\/index.php\/wp-json\/wp\/v2\/media?parent=204"}],"curies":[{"name":"wp","href":"https:\/\/api.w.org\/{rel}","templated":true}]}}

<h2 class="wp-block-heading"><strong>Informativa per il TRATTAMENTO DATI PERSONALI ACCESSO AL SITO</strong></h2>



<p>Ai sensi dell’art. 13 del Regolamento UE n. 2016/679 (Regolamento generale sulla protezione dei dati personali), si forniscono le seguenti informazioni.</p>



<p>Titolare del trattamento</p>



<p>Il Titolare del trattamento è A.P.S. Santa Chiara con sede legale in Piazza Santa Chiara, 11 – 90134 Palermo (PA).</p>



<p>Responsabile della protezione dei dati personali&nbsp;</p>



<p>Il Responsabile per la protezione dei dati personali (Data Protection Officer “DPO”) di A.P.S. Santa Chiara, il dott. Antonino Di Giovanni, è raggiungibile al seguente indirizzo e-mail: <a href="mailto:dpo@sdbsicilia.org">dpo@sdbsicilia.org</a></p>



<p>Dato personale</p>



<p>Secondo l’art. 4 – n.1 &#8211; del Regolamento Ue n. 2016/679, per dato personale si intende qualsiasi informazione riguardante una persona fisica identificata o identificabile (interessato).</p>



<p>Finalità e base giuridica</p>



<p>Il trattamento dei dati personali avverrà sempre con il tuo consenso per espletare i servizi da te richiesti, per il conseguimento delle finalità ricomprese nel nostro statuto, e in relazione alle eventuali esigenze contrattuali e ai conseguenti adempimenti degli obblighi legali e fiscali. I dati saranno trattati per tutta la durata del rapporto e anche successivamente per ottemperare agli obblighi di legge e per finalità amministrative e commerciali.</p>



<p>L’adesione ai servizi prescelti potrà essere revocata in qualsiasi momento autonomamente utilizzando la stessa modalità di adesione. La revoca non pregiudica la liceità dei trattamenti effettuati sulla base dell’adesione espressa prima della revoca stessa.&nbsp;</p>



<p>Tipologie dei dati trattati&nbsp;</p>



<p>La gestione del servizio, tramite form di contatto, comporta il trattamento dei seguenti dati personali:</p>



<ol class="wp-block-list">
<li>dati personali di identificazione: nome e cognome;</li>



<li>dati personali di contatto: e-mail, recapito telefonico (facoltativo).</li>
</ol>



<p>Modalità di trattamento</p>



<p>Il trattamento si svolge nel rispetto dei diritti e delle libertà fondamentali ed è improntato ai principi di correttezza, liceità, trasparenza e di tutela della riservatezza assicurando la pertinenza e proporzionalità delle informazioni raccolte e utilizzate rispetto alla finalità descritta.</p>



<p>Natura del trattamento</p>



<p>Per chi si iscrive come nostro utente, e immette i suoi dati per essere inserito nella nostra mailing list, tratteremo solo i dati che sono necessari per lo svolgimento dei rapporti tra te e la nostra Azienda. Generalmente, con il nostro sito, non trattiamo alcun dato sensibile o giudiziario, ma nel caso ciò si rendesse necessario lo faremo solo chiedendo prima il tuo consenso.</p>



<p>Comunicazione e diffusione&nbsp;</p>



<p>I dati personali non sono oggetto di diffusione o di comunicazione, salvo i casi in cui specifiche disposizioni di legge prevedano tale ultima operazione (es. autorità giudiziaria).</p>



<p>Categorie di destinatari dei dati</p>



<p>I trattamenti sono effettuati a cura delle persone autorizzate e impegnate alla riservatezza e preposte alle relative attività in relazione alle finalità perseguite.</p>



<p>Conservazione dei dati</p>



<p>I dati saranno conservati per il tempo necessario al conseguimento delle finalità per le quali sono stati raccolti e comunque per un periodo massimo di 2 anni dall’ultima interazione dell’utente con A.P.S. Santa Chiara, oltre i quali i dati saranno eliminati.</p>



<p>Trasferimento dati verso paese terzi&nbsp;</p>



<p>I dati trattati per le già menzionate finalità non sono trasferiti a Paesi terzi all’esterno dell’Unione Europea o dello Spazio Economico Europeo (SEE) o ad organizzazioni internazionali.</p>



<p>Diritti degli interessati&nbsp;</p>



<p>Gli interessati possono esercitare i diritti previsti dall’art. 15 e seguenti del Regolamento UE 2016/679 e in particolare il diritto di accedere ai propri dati personali, di chiederne la rettifica o la limitazione, l’aggiornamento se incompleti o erronei e la cancellazione se sussistono i presupposti, nonché di opporsi all’elaborazione rivolgendo la richiesta:</p>



<p>&#8211; a: A.P.S. Santa Chiara, con sede legale in Piazza Santa Chiara, 11 – 90134, Palermo (PA).</p>



<p>E-mail: <a href="mailto:santa.chiara@yahoo.it">santa.chiara@yahoo.it</a></p>



<p>Pec: <a href="mailto:santa.chiara@arubapec.it">santa.chiara@arubapec.it</a></p>



<p>oppure</p>



<p>&#8211; al Responsabile per la protezione dei dati personali (Data Protection Officer &#8211; “DPO”) all’indirizzo e-mail: <a href="mailto:dpo@sdbsicilia.org">dpo@sdbsicilia.org</a></p>



<p>Diritto di reclamo</p>



<p>Si informa infine che gli interessati, qualora ritengano che il trattamento dei dati personali a loro riferiti avvenga in violazione di quanto previsto dal Regolamento UE 2016/679 (art. 77) hanno il diritto di proporre reclamo al <a href="http://www.garanteprivacy.it/">Garante</a>, o di adire le opportune sedi giudiziarie (art. 79 del Regolamento).</p>



<p>Aggiornato il: 06/11/25</p>



<p></p>

<p>Informativa per il TRATTAMENTO DATI PERSONALI ACCESSO AL SITO Ai sensi dell’art. 13 del Regolamento UE n. 2016/679 (Regolamento generale sulla protezione dei dati personali), si forniscono le seguenti informazioni. Titolare del trattamento Il Titolare del trattamento è A.P.S. Santa Chiara con sede legale in Piazza Santa Chiara, 11 – 90134 Palermo (PA). Responsabile della &hellip; <a href="https://www.salesianisantachiarapalermo.it/index.php/informativa-privacy-utenti/" class="more-link">Continue reading<span class="screen-reader-text"> &#8220;Informativa Privacy utenti&#8221;</span></a></p>
