{"id":201,"date":"2025-11-06T17:14:24","date_gmt":"2025-11-06T16:14:24","guid":{"rendered":"https:\/\/www.salesianisantachiarapalermo.it\/?page_id=201"},"modified":"2025-11-06T17:21:27","modified_gmt":"2025-11-06T16:21:27","slug":"diritti-degli-interessati","status":"publish","type":"page","link":"https:\/\/www.salesianisantachiarapalermo.it\/index.php\/diritti-degli-interessati\/","title":{"rendered":"Diritti degli interessati"},"content":{"rendered":"\n<p><strong>Diritti dell&#8217;interessato<\/strong><\/p>\n\n\n\n<p>In base all\u2019art. 15 e seguenti del Regolamento UE, gli interessati (persone fisiche a cui si riferiscono i dati) possono esercitare in qualsiasi momento i propri diritti e in particolare il diritto di accedere ai propri dati personali, di chiederne la rettifica o la limitazione, l\u2019aggiornamento se incompleti o erronei e la cancellazione se raccolti in violazione di legge, nonch\u00e9 di opporsi al loro trattamento fatta salva l\u2019esistenza di motivi legittimi da parte del Titolare. A tal fine \u00e8 possibile rivolgersi al Titolare, oppure al Responsabile della protezione dei dati. Si informa infine che \u00e8 prevista la possibilit\u00e0 di proporre reclamo all&#8217;Autorit\u00e0 di Controllo Italiana &#8211; Garante per la protezione dei dati personali &#8211; Piazza Venezia, 11, IT &#8211; 00187, Roma (<a href=\"http:\/\/www.garanteprivacy.it\">www.garanteprivacy.it<\/a>).<\/p>\n\n\n\n<p>I diritti delle persone a cui si riferiscono i dati personali sono disciplinati&nbsp;<a href=\"http:\/\/www.normattiva.it\/uri-res\/N2Ls?urn:nir:stato:decreto.legislativo:2003-06-30;196%21vig=\"><strong>dagli artt. 15-22 del Regolamento UE 2016\/679<\/strong><\/a>.<\/p>\n\n\n\n<p>L&#8217;interessato ha diritto di:<\/p>\n\n\n\n<p>\u2022&nbsp;Accesso&nbsp;ai propri dati, nelle seguenti modalit\u00e0:<\/p>\n\n\n\n<ol class=\"wp-block-list\">\n<li>avere conferma che sia o meno in corso un trattamento di dati personali che lo riguarda;<\/li>\n\n\n\n<li>ottenere l\u2019accesso ai dati e alle seguenti informazioni:<\/li>\n<\/ol>\n\n\n\n<ul class=\"wp-block-list\">\n<li>finalit\u00e0 del trattamento<\/li>\n\n\n\n<li>categorie di dati personali<\/li>\n\n\n\n<li>destinatari o categorie di destinatari a cui i dati personali sono stati o saranno comunicati, in particolare se destinatari di paesi terzi o organizzazioni internazionali e, in tale caso, esistenza di garanzie adeguate<\/li>\n\n\n\n<li>quando possibile, periodo di conservazione dei dati personali previsto oppure, se non \u00e8 possibile, criteri utilizzati per determinarlo<\/li>\n\n\n\n<li>esistenza del diritto dell\u2019interessato di chiedere al Titolare del trattamento la rettifica o la cancellazione dei dati personali o la limitazione del trattamento e di opporsi, per motivi connessi alla sua situazione particolare, al loro trattamento<\/li>\n\n\n\n<li>diritto di proporre reclamo a un\u2019Autorit\u00e0 di controllo<\/li>\n\n\n\n<li>qualora i dati non siano raccolti presso l\u2019interessato, tutte le informazioni disponibili sulla loro origine<\/li>\n\n\n\n<li>esistenza di un processo decisionale automatizzato, compresa la profilazione e, almeno in tali casi, informazioni significative sulla logica utilizzata, nonch\u00e9 l\u2019importanza e le conseguenze di tale trattamento per l\u2019interessato.<\/li>\n<\/ul>\n\n\n\n<p>\u2022&nbsp;Rettifica&nbsp;dei dati personali inesatti<\/p>\n\n\n\n<p>\u2022&nbsp;Integrazione&nbsp;dei dati personali incompleti<\/p>\n\n\n\n<p>\u2022&nbsp;Cancellazione&nbsp;dei dati personali (\u201cDiritto all\u2019oblio\u201d), ivi compresa l\u2019eliminazione di qualsiasi link, copia o riproduzione, nelle seguenti ipotesi:<\/p>\n\n\n\n<ul class=\"wp-block-list\">\n<li>i dati non sono pi\u00f9 necessari rispetto alle finalit\u00e0 per le quali sono stati raccolti o trattati<\/li>\n\n\n\n<li>l\u2019interessato revoca il consenso e non sussiste altro fondamento giuridico per il trattamento<\/li>\n\n\n\n<li>l\u2019interessato si oppone al trattamento e non sussiste alcun motivo legittimo prevalente per procedervi<\/li>\n\n\n\n<li>i dati sono stati trattati illecitamente<\/li>\n\n\n\n<li>i dati devono essere cancellati per adempiere un obbligo di legge<\/li>\n\n\n\n<li>i dati riguardano minori di 16 anni e sono stati raccolti in relazione all\u2019offerta di servizi informatici.<\/li>\n<\/ul>\n\n\n\n<p>L\u2019esercizio del diritto comporta l\u2019obbligo per il Titolare che ha reso pubblici i dati, tenuto conto della tecnologia disponibile e dei costi di attuazione, di adottare le misure ragionevoli per informare della richiesta dell\u2019interessato gli altri Titolari che stanno trattando i dati.<\/p>\n\n\n\n<p>\u2022&nbsp;Limitazione del trattamento, nelle seguenti ipotesi:<\/p>\n\n\n\n<ul class=\"wp-block-list\">\n<li>l\u2019interessato contesta l\u2019esattezza dei dati personali (per il periodo necessario al Titolare del trattamento per verificarne l\u2019esattezza)<\/li>\n\n\n\n<li>il trattamento \u00e8 illecito e l\u2019interessato si oppone alla cancellazione dei dati personali chiedendo invece che ne sia limitato l\u2019utilizzo<\/li>\n\n\n\n<li>bench\u00e9 il Titolare del trattamento non ne abbia pi\u00f9 bisogno ai fini del trattamento, i dati personali sono necessari all\u2019interessato per l\u2019accertamento, l\u2019esercizio o la difesa di un diritto in sede giudiziaria<\/li>\n\n\n\n<li>l\u2019interessato si \u00e8 opposto al trattamento (in attesa della verifica in merito all\u2019eventuale prevalenza dei motivi legittimi del Titolare del trattamento rispetto a quelli dell\u2019interessato).<\/li>\n<\/ul>\n\n\n\n<p>\u2022&nbsp;Portabilit\u00e0 dei dati, per i trattamenti effettuati con mezzi automatizzati e basati sul consenso dell\u2019interessato o su un contratto sottoscritto col medesimo.<\/p>\n\n\n\n<p>Consiste nel diritto di ricevere, in un formato strutturato, di uso comune e leggibile da dispositivo automatico, i dati personali forniti a un Titolare del trattamento e trasmetterli a un altro Titolare. Se tecnicamente fattibile, il trasferimento avviene direttamente da un Titolare del trattamento all\u2019altro.<\/p>\n\n\n\n<p>\u2022&nbsp;Opporsi al trattamento, in tutto o in parte, nei seguenti casi:<\/p>\n\n\n\n<ul class=\"wp-block-list\">\n<li>per motivi connessi alla sua situazione particolare, in caso di trattamenti necessari per l\u2019esecuzione di un compito di interesse pubblico o connesso all\u2019esercizio di pubblici poteri e in caso di trattamenti necessari per il perseguimento del legittimo interesse del Titolare o di terzi. Il Titolare si astiene dal trattare ulteriormente i dati, salvo che dimostri l\u2019esistenza di motivi legittimi cogenti prevalenti sui diritti dell\u2019interessato oppure finalizzati all\u2019accertamento, all\u2019esercizio o alla difesa di un diritto in sede giudiziaria;<\/li>\n\n\n\n<li>nel caso di trattamenti per finalit\u00e0 di marketing diretto, compresa la profilazione nella misura in cui sia connessa al marketing stesso;<\/li>\n\n\n\n<li>per motivi connessi alla sua situazione particolare, nel caso di trattamenti per finalit\u00e0 di ricerca scientifica o storica o a fini statistici, salvo che il trattamento sia necessario per l\u2019esecuzione di un compito di interesse pubblico.<\/li>\n<\/ul>\n\n\n\n<p>\u2022&nbsp;Non essere sottoposto a una decisione basata unicamente su trattamenti automatizzati, compresa la profilazione, che produca effetti giuridici che lo riguardano o che incida significativamente sulla sua persona (tranne nei casi in cui la decisione sia necessaria per la conclusione o l\u2019esecuzione di un contratto tra il Titolare e l\u2019interessato; ovvero sia autorizzata dal diritto dell\u2019Unione o dello Stato membro al quale \u00e8 soggetto il Titolare; ovvero si basi sul consenso esplicito dell\u2019interessato).<\/p>\n\n\n\n<p>\u2022&nbsp;Reclamo&nbsp;all\u2019Autorit\u00e0 Garante per la Protezione dei dati personali (utilizzando eventualmente il modello messo a disposizione dall\u2019Autorit\u00e0 Garante per la Protezione dei dati personali).<\/p>\n\n\n\n<p>Come far valere i propri diritti<\/p>\n\n\n\n<p>I diritti \u2013 fatta salva la proposizione di reclamo all\u2019Autorit\u00e0 di controllo \u2013&nbsp;sono esercitati mediante&nbsp;richiesta&nbsp;scritta corredata di copia fotostatica non autenticata di un documento di riconoscimento, utilizzando eventualmente il modello messo a disposizione dall\u2019Autorit\u00e0 Garante per la Protezione dei dati personali, da inviarsi al Titolare A.P.S. Santa Chiara anche per il tramite del Responsabile della Protezione dei Dati (Antonino Di Giovanni), secondo una delle seguenti modalit\u00e0:<\/p>\n\n\n\n<ul class=\"wp-block-list\">\n<li>di persona presso la sede aziendale (sede legale: Piazza Santa Chiara, 11 &#8211; 90134 \u2013 Palermo (PA) in quanto struttura competente a ricevere la richiesta in quanto tratta il dato;<\/li>\n\n\n\n<li>via e-mail, scrivendo a:&nbsp;<a href=\"mailto:santa.chiara@yahoo.it\">santa.chiara@yahoo.it<\/a><\/li>\n\n\n\n<li>via Pec all\u2019indirizzo:&nbsp;<a href=\"mailto:santa.chiara@pec.it\">santa.chiara@pec.it<\/a><\/li>\n<\/ul>\n\n\n\n<p>L\u2019istanza pu\u00f2 essere presentata da un delegato dell\u2019interessato, che esibisce o allega copia della delega sottoscritta, unitamente a copia fotostatica non autenticata di un documento di riconoscimento proprio e dell\u2019interessato.<\/p>\n\n\n\n<p>Termini&nbsp;massimi per la risposta: 1 mese, estendibile fino a 3 mesi, previa comunicazione all\u2019interessato, nei casi di particolare complessit\u00e0.<\/p>\n\n\n\n<p>Costi: l&#8217;esercizio dei diritti \u00e8 gratuito, ma in caso di richieste manifestamente infondate o eccessive (anche per il loro carattere ripetitivo) potr\u00e0 essere addebitato un contributo in base ai costi amministrativi sostenuti dal Titolare.<\/p>\n\n\n\n<p><a href=\"https:\/\/www.salesianisantachiarapalermo.it\/wp-content\/uploads\/2025\/11\/APS-Santa-Chiara_Procedura_diritti_interessato.pdf\" target=\"_blank\" rel=\"noreferrer noopener\">Scarica il modulo procedura diritti dell\u2019interessato<\/a><\/p>\n\n\n\n<p><a href=\"https:\/\/www.salesianisantachiarapalermo.it\/wp-content\/uploads\/2025\/11\/APS-Santa-Chiara_Modello_Istanza_esercizio_diritti_interessato-.pdf\" target=\"_blank\" rel=\"noreferrer noopener\">Scarica il modulo Istanza di esercizio dei diritti da parte dell\u2019interessato<\/a><\/p>\n\n\n\n<p><\/p>\n","protected":false},"excerpt":{"rendered":"<p>Diritti dell&#8217;interessato In base all\u2019art. 15 e seguenti del Regolamento UE, gli interessati (persone fisiche a cui si riferiscono i dati) possono esercitare in qualsiasi momento i propri diritti e in particolare il diritto di accedere ai propri dati personali, di chiederne la rettifica o la limitazione, l\u2019aggiornamento se incompleti o erronei e la cancellazione &hellip; <a href=\"https:\/\/www.salesianisantachiarapalermo.it\/index.php\/diritti-degli-interessati\/\" class=\"more-link\">Continue reading<span class=\"screen-reader-text\"> &#8220;Diritti degli interessati&#8221;<\/span><\/a><\/p>\n","protected":false},"author":1,"featured_media":0,"parent":0,"menu_order":0,"comment_status":"closed","ping_status":"closed","template":"","meta":{"_mc_calendar":[],"footnotes":""},"class_list":["post-201","page","type-page","status-publish","hentry"],"jetpack_sharing_enabled":true,"_links":{"self":[{"href":"https:\/\/www.salesianisantachiarapalermo.it\/index.php\/wp-json\/wp\/v2\/pages\/201","targetHints":{"allow":["GET"]}}],"collection":[{"href":"https:\/\/www.salesianisantachiarapalermo.it\/index.php\/wp-json\/wp\/v2\/pages"}],"about":[{"href":"https:\/\/www.salesianisantachiarapalermo.it\/index.php\/wp-json\/wp\/v2\/types\/page"}],"author":[{"embeddable":true,"href":"https:\/\/www.salesianisantachiarapalermo.it\/index.php\/wp-json\/wp\/v2\/users\/1"}],"replies":[{"embeddable":true,"href":"https:\/\/www.salesianisantachiarapalermo.it\/index.php\/wp-json\/wp\/v2\/comments?post=201"}],"version-history":[{"count":3,"href":"https:\/\/www.salesianisantachiarapalermo.it\/index.php\/wp-json\/wp\/v2\/pages\/201\/revisions"}],"predecessor-version":[{"id":212,"href":"https:\/\/www.salesianisantachiarapalermo.it\/index.php\/wp-json\/wp\/v2\/pages\/201\/revisions\/212"}],"wp:attachment":[{"href":"https:\/\/www.salesianisantachiarapalermo.it\/index.php\/wp-json\/wp\/v2\/media?parent=201"}],"curies":[{"name":"wp","href":"https:\/\/api.w.org\/{rel}","templated":true}]}}

<p><strong>Diritti dell&#8217;interessato</strong></p>



<p>In base all’art. 15 e seguenti del Regolamento UE, gli interessati (persone fisiche a cui si riferiscono i dati) possono esercitare in qualsiasi momento i propri diritti e in particolare il diritto di accedere ai propri dati personali, di chiederne la rettifica o la limitazione, l’aggiornamento se incompleti o erronei e la cancellazione se raccolti in violazione di legge, nonché di opporsi al loro trattamento fatta salva l’esistenza di motivi legittimi da parte del Titolare. A tal fine è possibile rivolgersi al Titolare, oppure al Responsabile della protezione dei dati. Si informa infine che è prevista la possibilità di proporre reclamo all&#8217;Autorità di Controllo Italiana &#8211; Garante per la protezione dei dati personali &#8211; Piazza Venezia, 11, IT &#8211; 00187, Roma (<a href="http://www.garanteprivacy.it">www.garanteprivacy.it</a>).</p>



<p>I diritti delle persone a cui si riferiscono i dati personali sono disciplinati&nbsp;<a href="http://www.normattiva.it/uri-res/N2Ls?urn:nir:stato:decreto.legislativo:2003-06-30;196%21vig="><strong>dagli artt. 15-22 del Regolamento UE 2016/679</strong></a>.</p>



<p>L&#8217;interessato ha diritto di:</p>



<p>•&nbsp;Accesso&nbsp;ai propri dati, nelle seguenti modalità:</p>



<ol class="wp-block-list">
<li>avere conferma che sia o meno in corso un trattamento di dati personali che lo riguarda;</li>



<li>ottenere l’accesso ai dati e alle seguenti informazioni:</li>
</ol>



<ul class="wp-block-list">
<li>finalità del trattamento</li>



<li>categorie di dati personali</li>



<li>destinatari o categorie di destinatari a cui i dati personali sono stati o saranno comunicati, in particolare se destinatari di paesi terzi o organizzazioni internazionali e, in tale caso, esistenza di garanzie adeguate</li>



<li>quando possibile, periodo di conservazione dei dati personali previsto oppure, se non è possibile, criteri utilizzati per determinarlo</li>



<li>esistenza del diritto dell’interessato di chiedere al Titolare del trattamento la rettifica o la cancellazione dei dati personali o la limitazione del trattamento e di opporsi, per motivi connessi alla sua situazione particolare, al loro trattamento</li>



<li>diritto di proporre reclamo a un’Autorità di controllo</li>



<li>qualora i dati non siano raccolti presso l’interessato, tutte le informazioni disponibili sulla loro origine</li>



<li>esistenza di un processo decisionale automatizzato, compresa la profilazione e, almeno in tali casi, informazioni significative sulla logica utilizzata, nonché l’importanza e le conseguenze di tale trattamento per l’interessato.</li>
</ul>



<p>•&nbsp;Rettifica&nbsp;dei dati personali inesatti</p>



<p>•&nbsp;Integrazione&nbsp;dei dati personali incompleti</p>



<p>•&nbsp;Cancellazione&nbsp;dei dati personali (“Diritto all’oblio”), ivi compresa l’eliminazione di qualsiasi link, copia o riproduzione, nelle seguenti ipotesi:</p>



<ul class="wp-block-list">
<li>i dati non sono più necessari rispetto alle finalità per le quali sono stati raccolti o trattati</li>



<li>l’interessato revoca il consenso e non sussiste altro fondamento giuridico per il trattamento</li>



<li>l’interessato si oppone al trattamento e non sussiste alcun motivo legittimo prevalente per procedervi</li>



<li>i dati sono stati trattati illecitamente</li>



<li>i dati devono essere cancellati per adempiere un obbligo di legge</li>



<li>i dati riguardano minori di 16 anni e sono stati raccolti in relazione all’offerta di servizi informatici.</li>
</ul>



<p>L’esercizio del diritto comporta l’obbligo per il Titolare che ha reso pubblici i dati, tenuto conto della tecnologia disponibile e dei costi di attuazione, di adottare le misure ragionevoli per informare della richiesta dell’interessato gli altri Titolari che stanno trattando i dati.</p>



<p>•&nbsp;Limitazione del trattamento, nelle seguenti ipotesi:</p>



<ul class="wp-block-list">
<li>l’interessato contesta l’esattezza dei dati personali (per il periodo necessario al Titolare del trattamento per verificarne l’esattezza)</li>



<li>il trattamento è illecito e l’interessato si oppone alla cancellazione dei dati personali chiedendo invece che ne sia limitato l’utilizzo</li>



<li>benché il Titolare del trattamento non ne abbia più bisogno ai fini del trattamento, i dati personali sono necessari all’interessato per l’accertamento, l’esercizio o la difesa di un diritto in sede giudiziaria</li>



<li>l’interessato si è opposto al trattamento (in attesa della verifica in merito all’eventuale prevalenza dei motivi legittimi del Titolare del trattamento rispetto a quelli dell’interessato).</li>
</ul>



<p>•&nbsp;Portabilità dei dati, per i trattamenti effettuati con mezzi automatizzati e basati sul consenso dell’interessato o su un contratto sottoscritto col medesimo.</p>



<p>Consiste nel diritto di ricevere, in un formato strutturato, di uso comune e leggibile da dispositivo automatico, i dati personali forniti a un Titolare del trattamento e trasmetterli a un altro Titolare. Se tecnicamente fattibile, il trasferimento avviene direttamente da un Titolare del trattamento all’altro.</p>



<p>•&nbsp;Opporsi al trattamento, in tutto o in parte, nei seguenti casi:</p>



<ul class="wp-block-list">
<li>per motivi connessi alla sua situazione particolare, in caso di trattamenti necessari per l’esecuzione di un compito di interesse pubblico o connesso all’esercizio di pubblici poteri e in caso di trattamenti necessari per il perseguimento del legittimo interesse del Titolare o di terzi. Il Titolare si astiene dal trattare ulteriormente i dati, salvo che dimostri l’esistenza di motivi legittimi cogenti prevalenti sui diritti dell’interessato oppure finalizzati all’accertamento, all’esercizio o alla difesa di un diritto in sede giudiziaria;</li>



<li>nel caso di trattamenti per finalità di marketing diretto, compresa la profilazione nella misura in cui sia connessa al marketing stesso;</li>



<li>per motivi connessi alla sua situazione particolare, nel caso di trattamenti per finalità di ricerca scientifica o storica o a fini statistici, salvo che il trattamento sia necessario per l’esecuzione di un compito di interesse pubblico.</li>
</ul>



<p>•&nbsp;Non essere sottoposto a una decisione basata unicamente su trattamenti automatizzati, compresa la profilazione, che produca effetti giuridici che lo riguardano o che incida significativamente sulla sua persona (tranne nei casi in cui la decisione sia necessaria per la conclusione o l’esecuzione di un contratto tra il Titolare e l’interessato; ovvero sia autorizzata dal diritto dell’Unione o dello Stato membro al quale è soggetto il Titolare; ovvero si basi sul consenso esplicito dell’interessato).</p>



<p>•&nbsp;Reclamo&nbsp;all’Autorità Garante per la Protezione dei dati personali (utilizzando eventualmente il modello messo a disposizione dall’Autorità Garante per la Protezione dei dati personali).</p>



<p>Come far valere i propri diritti</p>



<p>I diritti – fatta salva la proposizione di reclamo all’Autorità di controllo –&nbsp;sono esercitati mediante&nbsp;richiesta&nbsp;scritta corredata di copia fotostatica non autenticata di un documento di riconoscimento, utilizzando eventualmente il modello messo a disposizione dall’Autorità Garante per la Protezione dei dati personali, da inviarsi al Titolare A.P.S. Santa Chiara anche per il tramite del Responsabile della Protezione dei Dati (Antonino Di Giovanni), secondo una delle seguenti modalità:</p>



<ul class="wp-block-list">
<li>di persona presso la sede aziendale (sede legale: Piazza Santa Chiara, 11 &#8211; 90134 – Palermo (PA) in quanto struttura competente a ricevere la richiesta in quanto tratta il dato;</li>



<li>via e-mail, scrivendo a:&nbsp;<a href="mailto:santa.chiara@yahoo.it">santa.chiara@yahoo.it</a></li>



<li>via Pec all’indirizzo:&nbsp;<a href="mailto:santa.chiara@pec.it">santa.chiara@pec.it</a></li>
</ul>



<p>L’istanza può essere presentata da un delegato dell’interessato, che esibisce o allega copia della delega sottoscritta, unitamente a copia fotostatica non autenticata di un documento di riconoscimento proprio e dell’interessato.</p>



<p>Termini&nbsp;massimi per la risposta: 1 mese, estendibile fino a 3 mesi, previa comunicazione all’interessato, nei casi di particolare complessità.</p>



<p>Costi: l&#8217;esercizio dei diritti è gratuito, ma in caso di richieste manifestamente infondate o eccessive (anche per il loro carattere ripetitivo) potrà essere addebitato un contributo in base ai costi amministrativi sostenuti dal Titolare.</p>



<p><a href="https://www.salesianisantachiarapalermo.it/wp-content/uploads/2025/11/APS-Santa-Chiara_Procedura_diritti_interessato.pdf" target="_blank" rel="noreferrer noopener">Scarica il modulo procedura diritti dell’interessato</a></p>



<p><a href="https://www.salesianisantachiarapalermo.it/wp-content/uploads/2025/11/APS-Santa-Chiara_Modello_Istanza_esercizio_diritti_interessato-.pdf" target="_blank" rel="noreferrer noopener">Scarica il modulo Istanza di esercizio dei diritti da parte dell’interessato</a></p>



<p></p>
